is divided by -1 - -48 - 10/(-10) - -5?
52
Let w = -57 + 49. Let p = 16 - w. What is the remainder when p is divided by 5?
4
Let y(j) = 19*j**2 - 3*j - 1. Let z be y(-1). Let n = z + -30. Let d(t) = -t**3 - 9*t**2 - 5*t + 9. What is the remainder when d(n) is divided by 28?
26
Let m = 139 - -30. What is the remainder when m is divided by 19?
17
Let f = 51 + 56. What is the remainder when f is divided by 23?
15
Let n(r) = -r**3 + 4*r**2 + 10*r - 36. Calculate the remainder when 28 is divided by n(3).
1
What is the remainder when 2*(-36)/24*-201 is divided by 102?
93
Suppose 3*c - 43 - 108 = -4*l, 0 = -5*l + 3*c + 209. Calculate the remainder when 109 is divided by l.
29
Let l = 3 + -2. Let q(v) = 12*v - 1. Let n(u) = -u**3 + 16*u**2 + 58*u + 13. What is the remainder when n(19) is divided by q(l)?
10
Let j(h) = 14*h**3 + h**2 - 1. Let d be j(1). Calculate the remainder when -9*((-39)/9 + -1) is divided by 368/d + (-6)/21.
22
Let i(g) = g**3 - g**2 + 18. Suppose -u + 5*r = r + 20, 2*u - 4*r = -20. What is the remainder when i(u) is divided by 15/270*171 + 1/2?
8
Let z = 66 + -66. Calculate the remainder when z - (3 - 1) - -94 is divided by ((-62)/8)/((-2)/8).
30
What is the remainder when 52 is divided by (-42)/(-4)*(-3)/(-18)*4?
3
Suppose -29*o + 28*o + 204 = 0. Calculate the remainder when o is divided by 76.
52
Suppose 5*j - 12 = -2*s, 2*s + j = s + 6. Let w(k) = -k - 17. Let l be w(-5). Let c = l + 23. What is the remainder when c is divided by s?
5
Let w be (-1)/7 + 180/(-63). What is the remainder when 44 is divided by w/6 - 188/(-8)?
21
Suppose 22 - 82 = 5*j + 2*h, 2*h = 10. Let v be (3/(-2))/(7/j). What is the remainder when 11 is divided by -2 - (v + -3 + -8)?
5
Let u(m) = 4*m**3 - 13*m**2 + 3*m - 2. Calculate the remainder when 285 is divided by u(4).
53
Suppose 11*o - 9*o - 6 = 0. Suppose -o*v = v - 12. Suppose 3*z + v*f + 2 = -f, 5*f + 25 = 0. Calculate the remainder when 17 is divided by z.
5
Let k(l) = 30*l**2 - l + 2. Calculate the remainder when 65 is divided by k(-1).
32
Suppose -87*v - 2*r + 124 = -83*v, -133 = -5*v + 3*r. Let q = -48 - -105. Calculate the remainder when q is divided by v.
28
Let h = 43 + -43. Suppose 5*i - 2*c - 369 = h, -4*i + i + 229 = -5*c. Calculate the remainder when i is divided by 15.
13
Let o = -234 + 278. What is the remainder when 88 is divided by o?
0
Let g(p) = p**3 - 7*p**2 - 7*p + 8. Let w(b) = b**2 - b + 1. Let y(f) = g(f) + w(f). What is the remainder when y(8) is divided by 25?
23
Suppose -86*g - 4543 + 12369 = 0. Calculate the remainder when 180 is divided by g.
89
Suppose 5*j + 91 = 5*o - 24, 4*o + 3*j = 99. Let v = 230 + -161. What is the remainder when v is divided by o?
21
Let x = -16 + 45. What is the remainder when 103 is divided by x?
16
Calculate the remainder when 253 is divided by (13 + 4)*((-45)/5 + 10).
15
Calculate the remainder when 12 is divided by 8/(-36) - (-3 + (-6)/27).
0
Let y = 29 + 21. Calculate the remainder when y is divided by 48.
2
Let w(i) = 4*i - 70. Calculate the remainder when 35 is divided by w(20).
5
Let y = -82 + 123. Suppose 13 = -4*h + 5*h - 2*l, 2*l = -4*h + 62. What is the remainder when y is divided by h?
11
Calculate the remainder when (-7)/(21/(-1032)) + (-1)/1 is divided by 86.
85
Let f be 2/9 - (-2)/(-9). Suppose f = -0*v + v - 5. Let t = 54 + -52. Calculate the remainder when v is divided by t.
1
Let b(m) = m**2 - 14*m + 20. Let z(v) = -5*v - 15. Let f be z(-6). What is the remainder when b(f) is divided by 12?
11
Let p = -236 - -282. Calculate the remainder when 158 is divided by p.
20
What is the remainder when -9 - (10 + -4)*-37 is divided by 24?
21
Let v(w) = -3*w**3 - 3*w**2 - 4*w - 6. Calculate the remainder when 162 is divided by v(-3).
42
Let g be (5 - 6) + 0 + 123. Suppose -2*a = -2*s + g, 0*a - 299 = -5*s + 2*a. Let w(v) = 3*v + 30. What is the remainder when s is divided by w(-6)?
11
Let y = 11 - 12. Calculate the remainder when 0/7 + (1 - y) is divided by 1.
0
Suppose 12 = 4*c, k + 3 - 9 = 2*c. Suppose -8 = -k*h + 16*h. Let q(a) = 13*a**2 + 5*a + 3. What is the remainder when q(h) is divided by 16?
13
Suppose 0 = 2*j - r + 2, -2*j - 5 = 2*r - 15. What is the remainder when 886/12 - ((-5)/(-6) - j) is divided by 19?
17
Let q = 455 - 402. Let w = 0 + -2. Calculate the remainder when q is divided by (-35)/w*12/15.
11
Let o be (-8 + 1)*((-8)/28)/1. Suppose 5*m + o*c - 46 - 6 = 0, m + 2*c - 12 = 0. What is the remainder when 58 is divided by m?
8
Suppose -22*g + 5021 = -2877. What is the remainder when g is divided by 18?
17
Suppose -135 = -3*x + 2*l, -x - x + 90 = -2*l. Let j be -3 + x/3 + -1. Let r = 16 - j. What is the remainder when 19 is divided by r?
4
Let o = -17 - -21. Suppose -o*b = 2*u - 88, 85 = 5*b - 5*u - 25. Let w(v) = v**3 - 8*v**2 + 8. Calculate the remainder when b is divided by w(8).
6
Let q(o) = -5*o - 3. Let y be (-2209)/(-282) - (-2)/(-12)*-1. Let j(t) = t**2 - 3*t + 25. What is the remainder when j(y) is divided by q(-5)?
21
Suppose 12*l - 21 = 15. Calculate the remainder when 36 is divided by l.
0
Let j(d) = -2*d**3 - 72*d**2 - d + 27. What is the remainder when 121 is divided by j(-36)?
58
Suppose 2*g - 18 = g. Let k = 457 + -452. What is the remainder when g is divided by k?
3
Suppose -2*z + 290 = 8*z. What is the remainder when z is divided by 26?
3
Suppose -14 = -3*l - g + 145, -2*l = -3*g - 106. Suppose 0 = -7*p + 24 + l. What is the remainder when p is divided by 4?
3
Let v(i) be the second derivative of -i**5/20 - 3*i**4/4 - i**3/3 - 11*i**2/2 - 14*i. Calculate the remainder when v(-10) is divided by 37.
35
Suppose -2*h + 5*h - 6 = 0. Suppose -h = -i + 3. Suppose 3*f + 0*s = i*s + 71, -5*f + 4*s + 101 = 0. Calculate the remainder when f is divided by 10.
7
Let n = 513 + -460. What is the remainder when 108 is divided by n?
2
Let o be (6/2)/((-6)/(-4)). Suppose k - 2*r - 4 = -0*r, -4*r = 3*k - 62. What is the remainder when (24/18)/(o/81) is divided by k?
12
Suppose 38*d = 44*d - 18. Suppose 9 = 2*u - 3*u - 3*x, 0 = 2*u - d*x - 27. What is the remainder when 28 is divided by u?
4
Let v be 39*((-7)/(-3) - 2). Suppose -v = -6*s + 65. Calculate the remainder when 37 is divided by s.
11
Suppose 2*g - 70 = -3*x - 3*g, 4*g = -x + 28. Suppose x = i + 3. Calculate the remainder when 64 is divided by i.
13
Let g(m) = 3*m**2 - 4*m + 1. What is the remainder when 6/(-10) + (4 - (-652)/20) is divided by g(2)?
1
Suppose 49 = 2*o - 203. Calculate the remainder when 1256 is divided by o.
122
Suppose y = -2*g + 2, 4 = -2*g + y + 14. Suppose 0 = -g*d + 400 + 167. Calculate the remainder when d is divided by 38.
37
Let j(n) = -n**2 + 179. Calculate the remainder when j(0) is divided by 13.
10
Let n = -172 + 369. Let f = n - 90. What is the remainder when f is divided by 27?
26
Let x(t) be the first derivative of 3*t + 1/4*t**4 - 2 - 1/2*t**2 + 7/3*t**3. What is the remainder when 28 is divided by x(-7)?
8
Let a = -317 - -507. What is the remainder when a is divided by 64?
62
Let x be 8/2*(4 + -3). Suppose 10 = -2*u - x*s + 110, u - s - 44 = 0. What is the remainder when 135 is divided by u?
43
Suppose 0 = d - 4*r - 697, -12 = -4*r + 8*r. Calculate the remainder when d is divided by 49.
48
Suppose t - 5*g - 37 = 0, 4*t + 3*g - 106 = -4. Let i = -12 + 19. Calculate the remainder when t is divided by i.
6
Suppose 14*x = -307 + 377. Calculate the remainder when 733 is divided by x.
3
Let u(p) = -15*p**2 - p**3 + 2*p + 6*p**2 + 2 + 8*p - 3. Let x be u(-10). What is the remainder when (135/6*-2)/x is divided by 16?
13
Let v(s) = -s**3 - 21*s**2 - 16*s - 22. Let u be v(-20). Let l = u - -107. Calculate the remainder when 22 is divided by l.
2
Suppose 4*u + c + 85 = 6*u, -3*u = c - 135. What is the remainder when u is divided by (115/(-65))/((-26)/338)?
21
Suppose 0 = 5*b + o - 24, -3*b + 2*o + 14 = -3. Let d = 44 + 91. Calculate the remainder when d/7 - 4/14 is divided by b.
4
Let t be (-4*(-2)/8)/((-6)/(-30)). Suppose -60 = -9*i + t*i. What is the remainder when (-2)/4 - (-230)/4 is divided by i?
12
What is the remainder when 1012/8 - (-3)/6 is divided by 10?
7
Suppose s - 2 = -0. Suppose 93 = 2*o + s*n + n, 2*o - 5*n - 53 = 0. Let z = o + -15. What is the remainder when 95 is divided by z?
23
Let u = 6 - 4. Suppose -3*c = 5*s - 548,